 = 2*c + z + 35, -5*z = 5*c - 165. Let r = -20 + c. What is the remainder when (-26)/4*(-5 - 1) is divided by r?
11
Suppose 0 = 3*g - 9 - 39. Suppose -5*o + g = -49. Calculate the remainder when 24 is divided by o.
11
Suppose 0 = -25*t + 28*t - 147. Calculate the remainder when t is divided by 17.
15
Let j(f) = 5*f**3 + 3*f**2 - 2*f + 2. What is the remainder when j(2) is divided by 13?
11
Let v(m) = -18*m - 1. Calculate the remainder when v(-2) is divided by 9.
8
Let v be ((2 - 3) + 0)*15. Let s be ((-6)/v)/((-3)/90). Calculate the remainder when 17 is divided by 30/4*s/(-10).
8
Suppose 0 = -a - a - 12. Let o(r) = -3*r + 6. Let k(y) = -4*y + 6. Let u(l) = 5*k(l) - 6*o(l). Calculate the remainder when u(a) is divided by 4.
2
What is the remainder when ((-12)/(-8))/((-4)/(-8)) is divided by 1?
0
Let u(z) = 3*z - 1. Let d be u(-4). Let g = 27 + d. What is the remainder when 40 is divided by g?
12
Let j(n) = -n**3 + 5*n**2 + 5*n - 4. What is the remainder when 61 is divided by j(5)?
19
Let i = 5 + 6. Calculate the remainder when -1*2 - -2 - -31 is divided by -1 + i + (-1 - -2).
9
Let h = -139 - -250. What is the remainder when h is divided by 16?
15
Calculate the remainder when 142 is divided by 48*(-3)/(-24)*6.
34
Let x(s) = -s**2 - 3*s - 4. Let r be x(-3). Let v = r - -9. Suppose -3*u = -v*j - 117, u = 2*u - j - 37. What is the remainder when u is divided by 18?
16
Let v(s) = s. Let l(h) = 21*h + 4. Let m(u) = -l(u) - 2*v(u). What is the remainder when m(-3) is divided by 17?
14
Let l(s) = -s**2 + 13*s - 7. Let y be l(6). Suppose -2*a - 4*i = a - 37, -3*a - 2*i + y = 0. Let c(k) = k + 3. What is the remainder when a is divided by c(1)?
3
Let l(a) be the first derivative of a**3/3 + 7*a**2/2 + 6*a + 1. Let z be l(-6). What is the remainder when 12 + z + -2 - 1 is divided by 5?
4
Let r = -36 - -71. What is the remainder when r is divided by 12?
11
Let f(i) = i**3 + i**2 + 4*i + 3. Let h be f(-2). Let q be 87/h - (-4)/6. Let z = -1 - q. What is the remainder when 14 is divided by z?
6
Let b(u) = -3*u**3 - 3*u**2 + u + 2. Let m = -26 + 60. Calculate the remainder when m is divided by b(-2).
10
Let c(w) = -w**2 + 9*w + 4. Let z be c(9). Suppose -z*j + 122 - 18 = 0. Suppose 8*a - 45 = 3*a. Calculate the remainder when j is divided by a.
8
Suppose -36*u - 95 = -41*u. Calculate the remainder when 36 is divided by u.
17
Let f = 22 + -16. Let q = 5 + 5. Calculate the remainder when q is divided by f.
4
Suppose -2*l + 22 = 2*x, -3*l + 3*x = l - 9. Suppose 38 - l = o. What is the remainder when o is divided by 17?
15
Let x = 40 + 28. What is the remainder when x is divided by 35?
33
Suppose -4*n + 5*w + 3 = 0, n - 2*w + 12 = 6*n. Suppose -2*u - 24 = n*u. What is the remainder when 21 + ((-6)/2 - u) is divided by 13?
11
Let a = 3 - -6. Let n = 4 - 0. Calculate the remainder when a is divided by n.
1
Suppose 2*o - 8 + 0 = 0. Suppose -p + 2*g - 1 + 74 = 0, 2*g = -o*p + 252. Calculate the remainder when p is divided by 22.
21
Let v = 0 - 3. Let o be -1*(v - (1 + -4)). Suppose -2*s + 8 = 0, 2*t + 4*s = -o*t + 44. Calculate the remainder when 27 is divided by t.
13
Let r(u) = u**3 - 7*u**2 + 5*u + 8. Suppose s + 6 = 4*s. Suppose -s*k - k + 45 = 0. Calculate the remainder when r(7) is divided by k.
13
Let l(p) = -p**2 - 16*p + 3. What is the remainder when l(-8) is divided by 23?
21
Suppose 4*f + 4 = -2*a, a - f - 3*f = 10. Let z(g) = -g. What is the remainder when a is divided by z(-2)?
0
Calculate the remainder when 117/52*2*2 is divided by 5.
4
Let z = 19 - 10. Let x(l) = -l**3 + 6*l**2 + 8*l - 5. What is the remainder when x(6) is divided by (z/(-12))/(7/(-140))?
13
Let g(n) = -n**3 + 5*n**2 + 3*n - 2. Let i be g(5). Let h = i + -8. Calculate the remainder when 7 is divided by h.
2
Suppose 8*f - 4*f = -20, -5*x - 4*f = -50. Calculate the remainder when 66 is divided by x.
10
Let j(s) = s**2 + 6*s + 5. Let q(n) = 61*n**2 + 0*n - 1 + 2 + 0*n. Calculate the remainder when q(1) is divided by j(-8).
20
Let u(m) = m**3 - 5*m**2 - 6*m + 4. Suppose -d + s - 4*s = 0, 0 = -5*d + s. Suppose 0*o - 3*o + 6 = d. Calculate the remainder when u(6) is divided by o.
0
Let p = -6 + 11. Let o(g) = 13*g**3 - g**2 - g + 2. Suppose 3*n = -n + 4. What is the remainder when o(n) is divided by p?
3
Let x = 210 - 62. Suppose 3*b - 101 = x. Let q = -49 + b. Calculate the remainder when q is divided by 12.
10
Suppose 0 = -5*a - s - s + 85, 0 = 2*a + 5*s - 34. What is the remainder when a is divided by 5?
2
Let z = -83 - -98. Calculate the remainder when 71 is divided by z.
11
Suppose 0 = -4*y + 73 + 55. Let b = 6 - 30. Let l = 35 + b. Calculate the remainder when y is divided by l.
10
Suppose b + 5*j - 12 + 1 = 0, -5*b + 55 = j. Suppose -h + 14 + 7 = 0. Calculate the remainder when h is divided by b.
10
Let t(r) = r**3 + 4*r**2 + 3*r + 2. Suppose -7 - 1 = -2*k. Suppose 0 = -y + 3*u - 3, 5*y - u + 15 = k*u. Calculate the remainder when 2 is divided by t(y).
0
Let s(a) = -a**2 - 7*a - 6. Suppose -4*b + 9 = -11. What is the remainder when b is divided by s(-5)?
1
Let i = -22 - -52. What is the remainder when i is divided by 17?
13
What is the remainder when 32 is divided by 515/25 - (-3)/30*4?
11
Let p be (-84)/22 - (-16)/(-88). Calculate the remainder when (2/p)/(2/(-372)) is divided by 24.
21
Suppose u = -3*a + 6, 4*a = 6*a - 3*u + 7. Let l(p) = p**2 - 7*p + 4. Let j be l(7). Let b = -3 + j. What is the remainder when a is divided by b?
0
Suppose -212 = -5*w + w - d, 265 = 5*w - 5*d. Let t(h) = h**3 - 8*h**2 + 6*h. Let s be t(6). Let y = s + w. Calculate the remainder when y is divided by 6.
5
Let y(j) = -2*j**2 + 3*j - 3. Let r be y(-5). Let t = r - -101. Suppose -3*i + 69 = 18. Calculate the remainder when t is divided by i.
16
Let b(d) = -16*d - 2. Let p be b(6). Let f = -57 - p. Calculate the remainder when f is divided by 58/4 - 3/(-30)*-5.
13
Suppose -2*b + 0*n + 20 = -3*n, -5*b + 71 = 3*n. What is the remainder when 50 is divided by b?
11
Suppose 3*v - 8*v = -585. What is the remainder when v is divided by 17?
15
Let m be 7/(-14) - 7/2. Let h = -16 - -26. What is the remainder when (m + 2)/(1/(-14)) is divided by h?
8
Suppose 0 = 2*v - 22 - 40. Suppose b - 6 = v. Calculate the remainder when b is divided by 10.
7
Let t = -5 - -8. Suppose t*k = 55 + 56. What is the remainder when k is divided by 13?
11
Let w(z) = 2*z**2 + z - 2. Let d = -2 - -12. Calculate the remainder when w(3) is divided by d.
9
Suppose -6*k - 3*w = -k - 35, 0 = 5*k + w - 45. What is the remainder when k is divided by 6?
4
Suppose -8 = -4*x - 4. Let c be 8*(-2)/(-20)*105/14. Calculate the remainder when (-10)/c*(x - 19) is divided by 11.
8
Let i be 7/(7/(-2)) + 5. Suppose 3*j - 6*j = v - 60, 48 = i*j - 3*v. Calculate the remainder when j is divided by 5.
4
Let i = -6 - -15. Let p(k) = -31*k**2 + 2*k - 11. Let w(m) = 15*m**2 - m + 5. Let y(a) = i*w(a) + 4*p(a). What is the remainder when 42 is divided by y(1)?
9
Let k = 106 - 51. What is the remainder when k is divided by 20?
15
Let d(n) = -67*n**3 + n**2 + n + 1. Calculate the remainder when d(-1) is divided by 14.
12
Let w be (-6)/9 - (-11)/3. Let n be 4*(-3)/(-6) + w. Suppose -168 + 46 = -3*d + 4*p, -142 = -4*d - n*p. What is the remainder when d is divided by 13?
12
Let i(n) = 86*n**2 + 1. What is the remainder when i(-1) is divided by 22?
21
Suppose -7*k + 26 = -5*k. Suppose -2*c = -0*c - 4. What is the remainder when 22 - ((c - 3) + -1) is divided by k?
11
Suppose 78 = 6*d - 78. Let y = -16 + 30. Calculate the remainder when d is divided by y.
12
Let c(q) = q**2 + 4*q - 4. Let m(v) = -v. Let l(s) = -c(s) - m(s). Suppose 3*j + 8 = -1. Calculate the remainder when 10 is divided by l(j).
2
Let g(a) be the first derivative of -a**3 - a**2/2 + a + 2. Let q(w) be the first derivative of g(w). Calculate the remainder when q(-4) is divided by 8.
7
Let i = -82 + 119. Let p(u) = u**3 - 5*u**2 - u - 1. Let c be p(4). Let s = i + c. Calculate the remainder when 63 is divided by s.
15
Suppose -q + 5*q = a - 13, -a = -q - 4. Let t(k) = 11*k**3 + k**2 - 2*k + 1. Let z(x) = x + 1. Calculate the remainder when t(a) is divided by z(5).
5
Let n = -21 + 42. Calculate the remainder when n - (-3 + 1 + 2) is divided by 11.
10
Let w = -23 + 21. Calculate the remainder when (-3